{"id":2,"date":"2020-08-28T13:34:44","date_gmt":"2020-08-28T10:34:44","guid":{"rendered":"http:\/\/blogit.xamk.fi\/sova\/?page_id=2"},"modified":"2024-04-04T14:13:45","modified_gmt":"2024-04-04T11:13:45","slug":"esimerkkisivu","status":"publish","type":"page","link":"https:\/\/blogit.xamk.fi\/sova\/esimerkkisivu\/","title":{"rendered":"Tervetuloa Sosiaalinen vaikuttaja -sivustolle!"},"content":{"rendered":"\n<p>Sosiaalinen vaikuttaja on Xamkin sosiaalialan opiskelijoiden ja opettajien yhteisblogi, jossa julkaistaan ajankohtaisia sosiaalialan kirjoituksia. Blogin tarkoituksena on tehd\u00e4 sosiaalialan ajankohtaisia kysymyksi\u00e4 n\u00e4kyv\u00e4ksi.<\/p>\n\n\n\n<p>Teksteiss\u00e4 k\u00e4sitell\u00e4\u00e4n eri n\u00e4k\u00f6kulmista sosiaalisia ilmi\u00f6it\u00e4, hyvinvointia ja keinoja ihmisten hyvinvoinnin edist\u00e4miseksi. Julkisessa kirjoittamisessa ja tekstien julkaisemissa kyse on yhdest\u00e4 keskeisest\u00e4 sosiaalialan ty\u00f6n osa-alueesta: sosiaalisten kysymysten n\u00e4kyv\u00e4ksi tekemisest\u00e4 ja yhteiskunnallisesta vaikuttamisesta.<\/p>\n\n\n\n<p>Blogi on perustettu rakenteellista sosiaality\u00f6t\u00e4 kehitt\u00e4neen <a href=\"https:\/\/www.xamk.fi\/tutkimus-ja-kehitys\/sosrake-osaamisverkosto\/\">SOSRAKE-osaamisverkosto-hankkeen<\/a> yhteydess\u00e4.<\/p>\n\n\n\n<p>Haluatko kirjoittaa blogisivustolle? Lis\u00e4tietoja blogitekstien kirjoitusohjeista saat blogin toimittajalta, sosiaalialan yliopettaja Johanna Hirvoselta (johanna.hirvonen@xamk.fi). <\/p>\n\n\n\n<figure class=\"wp-block-image size-large is-resized\"><img loading=\"lazy\" decoding=\"async\" width=\"683\" height=\"1024\" src=\"https:\/\/blogit.xamk.fi\/sova\/wp-content\/uploads\/sites\/54\/2023\/09\/Hirvonen-1-1-683x1024.jpg\" alt=\"\" class=\"wp-image-432\" style=\"width:219px;height:329px\" srcset=\"https:\/\/blogit.xamk.fi\/sova\/wp-content\/uploads\/sites\/54\/2023\/09\/Hirvonen-1-1-683x1024.jpg 683w, https:\/\/blogit.xamk.fi\/sova\/wp-content\/uploads\/sites\/54\/2023\/09\/Hirvonen-1-1-200x300.jpg 200w, https:\/\/blogit.xamk.fi\/sova\/wp-content\/uploads\/sites\/54\/2023\/09\/Hirvonen-1-1-768x1152.jpg 768w, https:\/\/blogit.xamk.fi\/sova\/wp-content\/uploads\/sites\/54\/2023\/09\/Hirvonen-1-1-133x200.jpg 133w, https:\/\/blogit.xamk.fi\/sova\/wp-content\/uploads\/sites\/54\/2023\/09\/Hirvonen-1-1.jpg 1024w\" sizes=\"auto, (max-width: 683px) 100vw, 683px\" \/><\/figure>\n","protected":false},"excerpt":{"rendered":"<p>Sosiaalinen vaikuttaja on Xamkin sosiaalialan opiskelijoiden ja opettajien yhteisblogi, jossa julkaistaan ajankohtaisia sosiaalialan kirjoituksia. Blogin tarkoituksena on tehd\u00e4 sosiaalialan ajankohtaisia kysymyksi\u00e4 n\u00e4kyv\u00e4ksi. Teksteiss\u00e4 k\u00e4sitell\u00e4\u00e4n eri n\u00e4k\u00f6kulmista sosiaalisia ilmi\u00f6it\u00e4, hyvinvointia ja keinoja ihmisten hyvinvoinnin edist\u00e4miseksi. Julkisessa kirjoittamisessa ja tekstien julkaisemissa kyse on yhdest\u00e4 keskeisest\u00e4 sosiaalialan ty\u00f6n osa-alueesta: sosiaalisten kysymysten n\u00e4kyv\u00e4ksi tekemisest\u00e4 ja yhteiskunnallisesta vaikuttamisesta. Blogi on [&hellip;]<\/p>\n","protected":false},"author":233,"featured_media":0,"parent":0,"menu_order":0,"comment_status":"closed","ping_status":"open","template":"","meta":{"inline_featured_image":false,"footnotes":""},"class_list":["post-2","page","type-page","status-publish","hentry"],"_links":{"self":[{"href":"https:\/\/blogit.xamk.fi\/sova\/wp-json\/wp\/v2\/pages\/2","targetHints":{"allow":["GET"]}}],"collection":[{"href":"https:\/\/blogit.xamk.fi\/sova\/wp-json\/wp\/v2\/pages"}],"about":[{"href":"https:\/\/blogit.xamk.fi\/sova\/wp-json\/wp\/v2\/types\/page"}],"author":[{"embeddable":true,"href":"https:\/\/blogit.xamk.fi\/sova\/wp-json\/wp\/v2\/users\/233"}],"replies":[{"embeddable":true,"href":"https:\/\/blogit.xamk.fi\/sova\/wp-json\/wp\/v2\/comments?post=2"}],"version-history":[{"count":14,"href":"https:\/\/blogit.xamk.fi\/sova\/wp-json\/wp\/v2\/pages\/2\/revisions"}],"predecessor-version":[{"id":513,"href":"https:\/\/blogit.xamk.fi\/sova\/wp-json\/wp\/v2\/pages\/2\/revisions\/513"}],"wp:attachment":[{"href":"https:\/\/blogit.xamk.fi\/sova\/wp-json\/wp\/v2\/media?parent=2"}],"curies":[{"name":"wp","href":"https:\/\/api.w.org\/{rel}","templated":true}]}}