{"id":84,"date":"2018-04-23T12:21:07","date_gmt":"2018-04-23T09:21:07","guid":{"rendered":"http:\/\/blogit.xamk.fi\/raskausjapaihteet\/?page_id=84"},"modified":"2018-04-24T15:17:07","modified_gmt":"2018-04-24T12:17:07","slug":"opioidit","status":"publish","type":"page","link":"https:\/\/blogit.xamk.fi\/raskausjapaihteet\/opioidit\/","title":{"rendered":"Opioidit"},"content":{"rendered":"<ul>\n<li>Opioideja ovat mm. buprenorfiini (esim. Subutex) heroiini, oksikodoni, metadoni, kodeiini, tramadoli sek\u00e4 fentanyyli<\/li>\n<li>Opioideja voidaan k\u00e4ytt\u00e4\u00e4 voimakkaina kipul\u00e4\u00e4kkein\u00e4, mutta osa niiden k\u00e4yt\u00f6st\u00e4 liittyy v\u00e4\u00e4rink\u00e4ytt\u00f6\u00f6n ja huumausainetarkoitukseen<\/li>\n<\/ul>\n<p><strong>Opioidien k\u00e4ytt\u00f6 raskauden aikana<\/strong><\/p>\n<ul>\n<li>L\u00e4p\u00e4isee istukan kaikissa raskauden vaiheissa<\/li>\n<li>Aiheuttaa merkitt\u00e4vi\u00e4 riskej\u00e4 sek\u00e4 siki\u00f6lle ett\u00e4 \u00e4idille<\/li>\n<li>Riski verenvuodoille ja istukan ennenaikaiseen irtoamiseen kasvaa suuresti<\/li>\n<li>Voi aiheuttaa siki\u00f6n pienipainoisuutta ja kasvun hidastumista<\/li>\n<li>Infektioriski lis\u00e4\u00e4ntyy<\/li>\n<li>Voi aiheuttaa siki\u00f6lle virtsateiden sek\u00e4 aivojen kehitysh\u00e4iri\u00f6it\u00e4<\/li>\n<li>Aiheuttaa siki\u00f6lle hapenpuutetta<\/li>\n<li>Hapenpuutteen seurauksena \u00e4idille joudutaan usein tekem\u00e4\u00e4n keisarileikkaus<\/li>\n<li>\u00c4\u00e4ritapauksissa hapenpuute johtaa siki\u00f6n kuolemaan<\/li>\n<\/ul>\n","protected":false},"excerpt":{"rendered":"<p>Opioideja ovat mm. buprenorfiini (esim. Subutex) heroiini, oksikodoni, metadoni, kodeiini, tramadoli sek\u00e4 fentanyyli Opioideja voidaan k\u00e4ytt\u00e4\u00e4 voimakkaina kipul\u00e4\u00e4kkein\u00e4, mutta osa niiden k\u00e4yt\u00f6st\u00e4 liittyy v\u00e4\u00e4rink\u00e4ytt\u00f6\u00f6n ja huumausainetarkoitukseen Opioidien k\u00e4ytt\u00f6 raskauden aikana L\u00e4p\u00e4isee istukan kaikissa raskauden vaiheissa Aiheuttaa merkitt\u00e4vi\u00e4 riskej\u00e4 sek\u00e4 siki\u00f6lle ett\u00e4 \u00e4idille Riski verenvuodoille ja istukan ennenaikaiseen irtoamiseen kasvaa suuresti Voi aiheuttaa siki\u00f6n pienipainoisuutta ja &hellip; <a href=\"https:\/\/blogit.xamk.fi\/raskausjapaihteet\/opioidit\/\" class=\"more-link\">Jatka lukemista <span class=\"screen-reader-text\">Opioidit<\/span> <span class=\"meta-nav\">&rarr;<\/span><\/a><\/p>\n","protected":false},"author":190,"featured_media":0,"parent":0,"menu_order":0,"comment_status":"closed","ping_status":"closed","template":"","meta":{"inline_featured_image":false,"footnotes":""},"class_list":["post-84","page","type-page","status-publish","hentry"],"_links":{"self":[{"href":"https:\/\/blogit.xamk.fi\/raskausjapaihteet\/wp-json\/wp\/v2\/pages\/84","targetHints":{"allow":["GET"]}}],"collection":[{"href":"https:\/\/blogit.xamk.fi\/raskausjapaihteet\/wp-json\/wp\/v2\/pages"}],"about":[{"href":"https:\/\/blogit.xamk.fi\/raskausjapaihteet\/wp-json\/wp\/v2\/types\/page"}],"author":[{"embeddable":true,"href":"https:\/\/blogit.xamk.fi\/raskausjapaihteet\/wp-json\/wp\/v2\/users\/190"}],"replies":[{"embeddable":true,"href":"https:\/\/blogit.xamk.fi\/raskausjapaihteet\/wp-json\/wp\/v2\/comments?post=84"}],"version-history":[{"count":5,"href":"https:\/\/blogit.xamk.fi\/raskausjapaihteet\/wp-json\/wp\/v2\/pages\/84\/revisions"}],"predecessor-version":[{"id":178,"href":"https:\/\/blogit.xamk.fi\/raskausjapaihteet\/wp-json\/wp\/v2\/pages\/84\/revisions\/178"}],"wp:attachment":[{"href":"https:\/\/blogit.xamk.fi\/raskausjapaihteet\/wp-json\/wp\/v2\/media?parent=84"}],"curies":[{"name":"wp","href":"https:\/\/api.w.org\/{rel}","templated":true}]}}