{"id":78,"date":"2018-04-23T12:20:40","date_gmt":"2018-04-23T09:20:40","guid":{"rendered":"http:\/\/blogit.xamk.fi\/raskausjapaihteet\/?page_id=78"},"modified":"2018-04-24T15:14:35","modified_gmt":"2018-04-24T12:14:35","slug":"kannabis","status":"publish","type":"page","link":"https:\/\/blogit.xamk.fi\/raskausjapaihteet\/kannabis\/","title":{"rendered":"Kannabis"},"content":{"rendered":"<ul>\n<li>Kannabis l\u00e4p\u00e4isee istukan kaikissa raskauden vaiheissa<\/li>\n<li>Ennenaikaisen synnytyksen riski lis\u00e4\u00e4ntyy<\/li>\n<li>Aiheuttaa siki\u00f6n pienipainoisuutta sek\u00e4 pienikokoisuutta<\/li>\n<li>Poltettuna kannabis aiheuttaa napanuoran verenvirtauksen v\u00e4henemist\u00e4 &#8211;&gt; siki\u00f6n ravinnon- sek\u00e4 hapensaanti heikkenee<\/li>\n<li>Kannabiksen polttaminen raskausaikana voi aiheuttaa kroonista hapenpuutetta &#8211;&gt; siki\u00f6n hengitysliikkeet v\u00e4henev\u00e4t ja syke nousee<\/li>\n<li>Vaikutukset ovat selkeimmin n\u00e4ht\u00e4viss\u00e4 runsaalle kannabiksen k\u00e4yt\u00f6lle altistuneiden siki\u00f6iden kohdalla<\/li>\n<\/ul>\n","protected":false},"excerpt":{"rendered":"<p>Kannabis l\u00e4p\u00e4isee istukan kaikissa raskauden vaiheissa Ennenaikaisen synnytyksen riski lis\u00e4\u00e4ntyy Aiheuttaa siki\u00f6n pienipainoisuutta sek\u00e4 pienikokoisuutta Poltettuna kannabis aiheuttaa napanuoran verenvirtauksen v\u00e4henemist\u00e4 &#8211;&gt; siki\u00f6n ravinnon- sek\u00e4 hapensaanti heikkenee Kannabiksen polttaminen raskausaikana voi aiheuttaa kroonista hapenpuutetta &#8211;&gt; siki\u00f6n hengitysliikkeet v\u00e4henev\u00e4t ja syke nousee Vaikutukset ovat selkeimmin n\u00e4ht\u00e4viss\u00e4 runsaalle kannabiksen k\u00e4yt\u00f6lle altistuneiden siki\u00f6iden kohdalla<\/p>\n","protected":false},"author":190,"featured_media":0,"parent":0,"menu_order":0,"comment_status":"closed","ping_status":"closed","template":"","meta":{"inline_featured_image":false,"footnotes":""},"class_list":["post-78","page","type-page","status-publish","hentry"],"_links":{"self":[{"href":"https:\/\/blogit.xamk.fi\/raskausjapaihteet\/wp-json\/wp\/v2\/pages\/78","targetHints":{"allow":["GET"]}}],"collection":[{"href":"https:\/\/blogit.xamk.fi\/raskausjapaihteet\/wp-json\/wp\/v2\/pages"}],"about":[{"href":"https:\/\/blogit.xamk.fi\/raskausjapaihteet\/wp-json\/wp\/v2\/types\/page"}],"author":[{"embeddable":true,"href":"https:\/\/blogit.xamk.fi\/raskausjapaihteet\/wp-json\/wp\/v2\/users\/190"}],"replies":[{"embeddable":true,"href":"https:\/\/blogit.xamk.fi\/raskausjapaihteet\/wp-json\/wp\/v2\/comments?post=78"}],"version-history":[{"count":4,"href":"https:\/\/blogit.xamk.fi\/raskausjapaihteet\/wp-json\/wp\/v2\/pages\/78\/revisions"}],"predecessor-version":[{"id":177,"href":"https:\/\/blogit.xamk.fi\/raskausjapaihteet\/wp-json\/wp\/v2\/pages\/78\/revisions\/177"}],"wp:attachment":[{"href":"https:\/\/blogit.xamk.fi\/raskausjapaihteet\/wp-json\/wp\/v2\/media?parent=78"}],"curies":[{"name":"wp","href":"https:\/\/api.w.org\/{rel}","templated":true}]}}