{"id":48,"date":"2018-04-23T12:06:09","date_gmt":"2018-04-23T09:06:09","guid":{"rendered":"http:\/\/blogit.xamk.fi\/raskausjapaihteet\/?page_id=48"},"modified":"2018-11-05T13:40:35","modified_gmt":"2018-11-05T11:40:35","slug":"yleista","status":"publish","type":"page","link":"https:\/\/blogit.xamk.fi\/raskausjapaihteet\/yleista\/","title":{"rendered":"Yleist\u00e4"},"content":{"rendered":"<p><strong>Suomalainen p\u00e4ihdekulttuuri<\/strong><\/p>\n<ul>\n<li>Suomessa k\u00e4ytetyin p\u00e4ihde on alkoholi<\/li>\n<li>Suurin muutos suomalaisessa alkoholikulttuurissa naisten alkoholin k\u00e4yt\u00f6n lis\u00e4\u00e4ntyminen<\/li>\n<li>Suomalaisessa juomakulttuurissa tyypillist\u00e4 humalanhakuinen juominen<\/li>\n<li>Huumeiden k\u00e4ytt\u00f6 yleistynyt Suomessa 2010-luvun vaihteen j\u00e4lkeen<\/li>\n<li>Yleisin suomalaisten k\u00e4ytt\u00e4m\u00e4 huumausaine on kannabis<\/li>\n<li>Muita yleisimmin k\u00e4ytettyj\u00e4 huumausaineita ovat amfetamiini, opioidit, ekstaasi ja kokaiini<\/li>\n<li>P\u00e4ihdekulttuurissa on yleisint\u00e4 sekak\u00e4ytt\u00f6, jossa alkoholia ja huumausaineita k\u00e4ytet\u00e4\u00e4n sekaisin<\/li>\n<\/ul>\n<p><strong>Naiset ja p\u00e4ihteet\u00a0<\/strong><\/p>\n<ul>\n<li>Naisilla alkoholin suuret kerta-annokset ovat yleistyneet huomattavasti<\/li>\n<li>Suomalaisessa alkoholikulttuurissa naisten alkoholikulutus on jo melkein samaa luokkaa kuin miehill\u00e4<\/li>\n<li>Arvioiden mukaan, jopa kolmasosa suomalaisista huumeidenk\u00e4ytt\u00e4jist\u00e4 on naisia<\/li>\n<li>Eniten ongelmak\u00e4ytt\u00e4ji\u00e4 esiintyy 25-34-vuotiaiden naisten keskuudessa<\/li>\n<li>Erityisesti opioidien k\u00e4ytt\u00f6 nuorten naisten keskuudessa on yleist\u00e4<\/li>\n<li>Opioidien k\u00e4ytt\u00e4jist\u00e4 45% on naisia<\/li>\n<li>N. 6% suomalaisista odottavista \u00e4ideist\u00e4 on p\u00e4ihderiippuvaisia<\/li>\n<li>Vuosittain vaaraa aiheutuu 3600-6000 siki\u00f6lle \u00e4idin p\u00e4ihteiden k\u00e4yt\u00f6n seurauksena<\/li>\n<li>\u00c4idin p\u00e4ihteiden k\u00e4ytt\u00f6 on Suomessa yleisin syy pienten lasten huostaanotoille<\/li>\n<\/ul>\n","protected":false},"excerpt":{"rendered":"<p>Suomalainen p\u00e4ihdekulttuuri Suomessa k\u00e4ytetyin p\u00e4ihde on alkoholi Suurin muutos suomalaisessa alkoholikulttuurissa naisten alkoholin k\u00e4yt\u00f6n lis\u00e4\u00e4ntyminen Suomalaisessa juomakulttuurissa tyypillist\u00e4 humalanhakuinen juominen Huumeiden k\u00e4ytt\u00f6 yleistynyt Suomessa 2010-luvun vaihteen j\u00e4lkeen Yleisin suomalaisten k\u00e4ytt\u00e4m\u00e4 huumausaine on kannabis Muita yleisimmin k\u00e4ytettyj\u00e4 huumausaineita ovat amfetamiini, opioidit, ekstaasi ja kokaiini P\u00e4ihdekulttuurissa on yleisint\u00e4 sekak\u00e4ytt\u00f6, jossa alkoholia ja huumausaineita k\u00e4ytet\u00e4\u00e4n sekaisin Naiset ja &hellip; <a href=\"https:\/\/blogit.xamk.fi\/raskausjapaihteet\/yleista\/\" class=\"more-link\">Jatka lukemista <span class=\"screen-reader-text\">Yleist\u00e4<\/span> <span class=\"meta-nav\">&rarr;<\/span><\/a><\/p>\n","protected":false},"author":190,"featured_media":0,"parent":0,"menu_order":0,"comment_status":"closed","ping_status":"closed","template":"","meta":{"inline_featured_image":false,"footnotes":""},"class_list":["post-48","page","type-page","status-publish","hentry"],"_links":{"self":[{"href":"https:\/\/blogit.xamk.fi\/raskausjapaihteet\/wp-json\/wp\/v2\/pages\/48","targetHints":{"allow":["GET"]}}],"collection":[{"href":"https:\/\/blogit.xamk.fi\/raskausjapaihteet\/wp-json\/wp\/v2\/pages"}],"about":[{"href":"https:\/\/blogit.xamk.fi\/raskausjapaihteet\/wp-json\/wp\/v2\/types\/page"}],"author":[{"embeddable":true,"href":"https:\/\/blogit.xamk.fi\/raskausjapaihteet\/wp-json\/wp\/v2\/users\/190"}],"replies":[{"embeddable":true,"href":"https:\/\/blogit.xamk.fi\/raskausjapaihteet\/wp-json\/wp\/v2\/comments?post=48"}],"version-history":[{"count":7,"href":"https:\/\/blogit.xamk.fi\/raskausjapaihteet\/wp-json\/wp\/v2\/pages\/48\/revisions"}],"predecessor-version":[{"id":216,"href":"https:\/\/blogit.xamk.fi\/raskausjapaihteet\/wp-json\/wp\/v2\/pages\/48\/revisions\/216"}],"wp:attachment":[{"href":"https:\/\/blogit.xamk.fi\/raskausjapaihteet\/wp-json\/wp\/v2\/media?parent=48"}],"curies":[{"name":"wp","href":"https:\/\/api.w.org\/{rel}","templated":true}]}}