{"id":2,"date":"2020-10-27T13:14:47","date_gmt":"2020-10-27T11:14:47","guid":{"rendered":"http:\/\/blogit.xamk.fi\/datalab\/?page_id=2"},"modified":"2023-09-01T09:03:46","modified_gmt":"2023-09-01T06:03:46","slug":"tietoja","status":"publish","type":"page","link":"https:\/\/blogit.xamk.fi\/datalab\/tietoja\/","title":{"rendered":"DataLAB"},"content":{"rendered":"\n<p>DataLAB aloitti toimintansa syksyll\u00e4 2020. Tarjoamme rajapintaa Xamkin data-analytiikan koulutuksen, Xamkin muun toiminnan ja yritysel\u00e4m\u00e4n v\u00e4lille. Teht\u00e4vi\u00e4mme ovat esimerkiksi:<\/p>\n\n\n\n<ul class=\"wp-block-list\">\n<li>Harjoittelu- ja opinn\u00e4ytety\u00f6paikkojen tarjoaminen data-analytiikan opiskelijoille<\/li>\n\n\n\n<li>Dataan liittyvien koulutusmateriaalien ja -palveluiden tuottaminen <\/li>\n\n\n\n<li>Tutkimustoiminta<\/li>\n\n\n\n<li>Opiskelija- ja\/tai ohjaajavoimin toteutettavat datan ker\u00e4ys, analysointi, visualisointi ja raportointiteht\u00e4v\u00e4t sek\u00e4 mittaristojen laadinnat.<\/li>\n<\/ul>\n\n\n\n<p>Toimimme Kouvolan kampuksella Kasarminm\u00e4ell\u00e4 ja vahvasti my\u00f6s verkossa. <\/p>\n\n\n\n<p>Ota yhteytt\u00e4: datalab \u00e4t xamk.fi<\/p>\n","protected":false},"excerpt":{"rendered":"<p>DataLAB aloitti toimintansa syksyll\u00e4 2020. Tarjoamme rajapintaa Xamkin data-analytiikan koulutuksen, Xamkin muun toiminnan ja yritysel\u00e4m\u00e4n v\u00e4lille. Teht\u00e4vi\u00e4mme ovat esimerkiksi: Toimimme Kouvolan kampuksella Kasarminm\u00e4ell\u00e4 ja vahvasti my\u00f6s verkossa. Ota yhteytt\u00e4: datalab \u00e4t xamk.fi<\/p>\n","protected":false},"author":139,"featured_media":0,"parent":0,"menu_order":0,"comment_status":"closed","ping_status":"open","template":"","meta":{"inline_featured_image":false,"footnotes":""},"class_list":["post-2","page","type-page","status-publish","hentry"],"_links":{"self":[{"href":"https:\/\/blogit.xamk.fi\/datalab\/wp-json\/wp\/v2\/pages\/2","targetHints":{"allow":["GET"]}}],"collection":[{"href":"https:\/\/blogit.xamk.fi\/datalab\/wp-json\/wp\/v2\/pages"}],"about":[{"href":"https:\/\/blogit.xamk.fi\/datalab\/wp-json\/wp\/v2\/types\/page"}],"author":[{"embeddable":true,"href":"https:\/\/blogit.xamk.fi\/datalab\/wp-json\/wp\/v2\/users\/139"}],"replies":[{"embeddable":true,"href":"https:\/\/blogit.xamk.fi\/datalab\/wp-json\/wp\/v2\/comments?post=2"}],"version-history":[{"count":3,"href":"https:\/\/blogit.xamk.fi\/datalab\/wp-json\/wp\/v2\/pages\/2\/revisions"}],"predecessor-version":[{"id":292,"href":"https:\/\/blogit.xamk.fi\/datalab\/wp-json\/wp\/v2\/pages\/2\/revisions\/292"}],"wp:attachment":[{"href":"https:\/\/blogit.xamk.fi\/datalab\/wp-json\/wp\/v2\/media?parent=2"}],"curies":[{"name":"wp","href":"https:\/\/api.w.org\/{rel}","templated":true}]}}